4858.
2, 3, 19681381
What are the prime factors of 643581255?
3, 5, 42905417
What are the prime factors of 64439860?
2, 5, 17, 189529
What are the prime factors of 43891284?
2, 3, 3657607
What are the prime factors of 13415034?
2, 3, 1381, 1619
List the prime factors of 122108560.
2, 5, 7, 29, 73, 103
What are the prime factors of 20874472?
2, 2609309
What are the prime factors of 3272745228?
2, 3, 107, 131, 19457
List the prime factors of 3386073945.
3, 5, 257, 878359
List the prime factors of 97101675.
3, 5, 11, 39233
List the prime factors of 3807229027.
7, 131, 769, 5399
What are the prime factors of 704170407?
3, 1367, 171707
List the prime factors of 3254711037.
3, 47, 643, 35899
What are the prime factors of 286944517?
19, 15102343
What are the prime factors of 663315257?
11, 683, 88289
List the prime factors of 1822857168.
2, 3, 11, 3452381
What are the prime factors of 29107582?
2, 7, 19, 73, 1499
What are the prime factors of 374786973?
3, 11, 10429
What are the prime factors of 338689794?
2, 3, 56448299
What are the prime factors of 265705886?
2, 17, 7814879
List the prime factors of 6919377123.
3, 2306459041
What are the prime factors of 1686858610?
2, 5, 43, 631, 6217
List the prime factors of 74891860.
2, 5, 829, 4517
What are the prime factors of 3757777450?
2, 5, 7, 463, 23189
What are the prime factors of 48903367?
29, 67, 25169
What are the prime factors of 11593058?
2, 23, 43, 5861
What are the prime factors of 6093522?
2, 3, 112843
What are the prime factors of 3724884478?
2, 7, 5669, 46933
List the prime factors of 69070297.
59, 1170683
List the prime factors of 282920905.
5, 56584181
List the prime factors of 49135583.
7, 1002767
List the prime factors of 11457007.
11457007
What are the prime factors of 1375519938?
2, 3, 13, 29, 608099
What are the prime factors of 164128111?
7, 23446873
List the prime factors of 1367960489.
7, 23, 59, 2939
List the prime factors of 2537287733.
227, 11177479
What are the prime factors of 902130669?
3, 11, 43, 70639
List the prime factors of 94529309.
7, 13504187
List the prime factors of 65138834.
2, 3539, 9203
List the prime factors of 85909916.
2, 211, 101789
What are the prime factors of 935410574?
2, 7, 317, 210773
What are the prime factors of 193786782?
2, 3, 7, 4613971
List the prime factors of 1870727366.
2, 197, 4748039
What are the prime factors of 19428810?
2, 3, 5, 647627
List the prime factors of 601179546.
2, 3, 11, 828071
List the prime factors of 430935150.
2, 3, 5, 167, 17203
List the prime factors of 20954225.
5, 838169
What are the prime factors of 168093465?
3, 5, 1427, 7853
List the prime factors of 10462258.
2, 5231129
What are the prime factors of 1136808624?
2, 3, 7, 483337
What are the prime factors of 585848253?
3, 197, 463, 2141
List the prime factors of 39303884.
2, 9825971
List the prime factors of 79291840.
2, 5, 149, 1663
List the prime factors of 349408750.
2, 5, 31, 71, 127
List the prime factors of 76119776.
2, 19, 125197
List the prime factors of 1107012468.
2, 3, 43, 173, 12401
List the prime factors of 506702694.
2, 3, 84450449
List the prime factors of 90247078.
2, 23, 1961893
What are the prime factors of 1130937044?
2, 282734261
What are the prime factors of 229444408?
2, 28680551
What are the prime factors of 4885949842?
2, 127, 19236023
What are the prime factors of 35657982?
2, 3, 103, 2137
What are the prime factors of 740390163?
3, 73, 3380777
List the prime factors of 1799282437.
31237, 57601
What are the prime factors of 322282120?
2, 5, 1069, 7537
What are the prime factors of 330686740?
2, 5, 59, 280243
List the prime factors of 2776301384.
2, 1543, 224911
List the prime factors of 836455581.
3, 13, 7149193
List the prime factors of 806874.
2, 3, 89, 1511
What are the prime factors of 479764152?
2, 3, 7, 557, 1709
List the prime factors of 2728746421.
107, 25502303
What are the prime factors of 740346348?
2, 3, 7, 41, 214967
List the prime factors of 1061122521.
3, 109, 3245023
List the prime factors of 253363374.
2, 3, 11, 107, 11959
List the prime factors of 1790062609.
43, 41629363
List the prime factors of 645124376.
2, 13, 477163
List the prime factors of 59849786.
2, 139, 461, 467
List the prime factors of 40710593.
7, 11, 528709
List the prime factors of 1336184006.
2, 19, 35162737
What are the prime factors of 109914721?
7, 233, 67391
List the prime factors of 155276869.
11, 14116079
List the prime factors of 64737435.
3, 5, 7, 616547
List the prime factors of 1018340324.
2, 17, 14975593
What are the prime factors of 98233674?
2, 3, 7, 11, 212627
List the prime factors of 93572769.
3, 193, 161611
List the prime factors of 32407633.
32407633
List the prime factors of 1519248557.
71, 21397867
List the prime factors of 130464338.
2, 65232169
What are the prime factors of 218131668?
2, 3, 311, 19483
List the prime factors of 253092329.
7, 36156047
What are the prime factors of 1763763156?
2, 3, 48993421
What are the prime factors of 86355800?
2, 5, 23, 18773
List the prime factors of 708340087.
7, 13, 127, 61291
List the prime factors of 54322233.
3, 7, 369539
List the prime factors of 3184586934.
2, 3, 3301, 160789
What are the prime factors of 834025008?
2, 3, 17375521
List the prime factors of 1371920122.
2, 685960061
What are the prime factors of 804655886?
2, 47, 8560169
List the prime factors of 295247840.
2, 5, 17, 19, 29, 197
What are the prime factors of 158226485?
5, 3581, 8837
What are the prime factors of 898685819?
349, 509, 5059
What are the prime factors of 6591142362?
2, 3, 7, 156931961
List the prime factors of 53302531.
17, 3135443
What are the prime factors of 273397645?
5, 29, 1885501
What are the prime factors of 501212387?
13, 277, 139187
What are the prime factors of 551864732?
2, 137966183
What are the prime factors of 23843217?
3, 7947739
List the prime factors of 71304051.
3, 7, 13, 107, 2441
List the prime factors of 929846272.
2, 908053
List the prime factors of 74229711.
3, 163, 151799
List the prime factors of 263563031.
223, 1181897
What are the prime factors of 2234716298?
2, 1117358149
List the prime factors of 51866804.
2, 11, 41, 28751
List the prime factors of 47604431.
7, 101, 9619
What are the prime factors of 111982923?
3, 13, 957119
List the prime factors of 132645073.
11, 379, 31817
What are the prime factors of 1045668517?
1045668517
List the prime factors of 320724836.
2, 53, 167, 9059
List the prime factors of 126931019.
31, 4094549
What are the prime factors of 434264935?
5, 13, 513923
List the prime factors of 263033085.
3, 5, 7, 2505077
List the prime factors of 15150301.
15150301
What are the prime factors of 112810715?
5, 43, 524701
List the prime factors of 547522516.
2, 113, 1211333
List the prime factors of 30076573.
211, 142543
List the prime factors of 4776227537.
17, 43, 569, 11483
What are the prime factors of 254905486?
2, 11, 11586613
What are the prime factors of 533156705?
5, 106631341
List the prime factors of 58718979.
3, 11, 211, 937
List the prime factors of 2503663546.
2, 19423, 64451
List the prime factors of 2603287920.
2, 3, 5, 53, 103, 1987
List the prime factors of 338614826.
2, 11, 131, 293, 401
List the prime factors of 290625879.
3, 9323, 10391
What are the prime factors of 11095302?
2, 3, 1849217
What are the prime factors of 5983750002?
2, 3, 41, 24324187
What are the prime factors of 429238765?
5, 23, 3732511
List the prime factors of 3398970642.
2, 3, 566495107
What are the prime factors of 1747690000?
2, 5, 7, 24967
List the prime factors of 121923532.
2, 19, 53, 30269
What are the prime factors of 90826499?
61, 1488959
List the prime factors of 2932304390.
2, 5, 19, 37, 417113
What are the prime factors of 33981191?
139, 151, 1619
List the prime factors of 78484225.
5, 3139369
What are the prime factors of 2025541415?
5, 17, 127, 187637
List the prime factors of 1273115730.
2, 3, 5, 151, 463, 607
What are the prime factors of 54503267?
7, 13, 19, 29, 1087
List the prime factors of 69227538.
2, 3, 11537923
What are the prime factors of 973002350?
2, 5, 19, 23, 44531
What are the prime factors of 1089844591?
11, 99076781
What are the prime factors of 124457657?
19, 6550403
List the prime factors of 1224505803.
3, 4691, 87011
List the prime factors of 10504